{"id":113,"date":"2017-03-17T20:00:57","date_gmt":"2017-03-17T19:00:57","guid":{"rendered":"http:\/\/julia-danz.com\/?page_id=113"},"modified":"2022-05-27T08:52:38","modified_gmt":"2022-05-27T06:52:38","slug":"lied","status":"publish","type":"page","link":"https:\/\/julia-danz.com\/?page_id=113","title":{"rendered":"Lied"},"content":{"rendered":"\n<div class=\"wp-block-columns is-layout-flex wp-container-core-columns-is-layout-28f84493 wp-block-columns-is-layout-flex\">\n<div class=\"wp-block-column is-layout-flow wp-block-column-is-layout-flow\" style=\"flex-basis:66.66%\">\n<div class=\"wp-block-docxpresso-cut-paste-plugin\"><style>\n.docxpressoPlugin {\n\tfont-size: 83.35%;\n}\n\n.h5p_layout {\n    box-sizing: content-box !important;\n}\n\n.h5p_layout *{\n    float: none;\n    text-align: initial;\n\tbox-sizing: border-box;\n}\n\/*to make sure that floating elements are always inside the document bounds*\/\n.h5p_layout:after {\n    content: \" \";\n    display: block;\n    height: 0;\n    clear: both;\n    visibility: hidden;\n}\n\/* a default layout for documents without maste styles *\/\n.h5p_default_layout {\n    margin-top: 3.6rem;\n    margin-left: 8.50464rem;\n    margin-bottom: 3.6rem;\n    margin-right: 8.50464rem;\n    writing-mode: lr-tb;\n}\n\/*hack for IE *\/\nwbr:after { content: \"\\00200B\"; }\n\n\/*hack to get some extra top margin for anchors if needed*\/\n.h5p_layout span[id^=\"_Toc\"]{\n    padding-top: 10px;\n    margin-top: -10px;\n}\n\n\/* Remove unwanted numbering styles *\/\n.h5p_layout .removeNumbering:before{\n    content: initial !important;\n    display: none;\n    all: initial !important;\n}\n\n\/* give zero default top and bottom paddings for paragraphs*\/\n.h5p_layout p {\n    color: #000000;\n    line-height: 1;\n    margin-top: 0;\n    margin-bottom: 0;\n}\n.h5p_layout span {\n    color: #000000;\n    font-weight: normal;\n}\n.h5p_layout span.dropcap {\n    color: inherit;\n    font-family: inherit !important;\n}\n.h5p_layout h1, .h5p_layout h2, .h5p_layout h3, .h5p_layout h4, .h5p_layout h5, .h5p_layout h6 {\n    margin-top: 0;\n    margin-bottom: 0;    \n\tfont-family: inherit;\n    font-weight: 500;\n    line-height: 1;\n    color: inherit;\n}\n\/* give zero default top and bottom paddings for paragraphs in tables*\/\n.h5p_layout table p {\n    margin-top: 0;\n    margin-bottom: 0;\n}\n\n.h5p_layout ul, .h5p_layout ol {\n\tlist-style-type: none;\n    margin-top: 0;\n    margin-bottom: 0.5em;\n    padding-left: 0;\n}\n\n.h5p_layout ul li, .h5p_layout ol li {\n    list-style-type: none;\n    margin-top: 0;\n    margin-bottom: 0.5em;\n    \n}\n.h5p_layout li p {\n    margin-top: 0;\n    margin-bottom: 0;\n}\n.h5p_layout table {\n    border: none;\n}\n.h5p_layout td {\n    vertical-align: top;\n    border: none;\n}\n.h5p_layout th {\n    vertical-align: top;\n    border: none;\n}\n.h5p_layout div {\n    margin-bottom: 10pt;\n}\n\n.h5p_layout img {\n    margin: 0;\n    padding: 0;\n}\n\n.h5p_layout ul ul {\n    margin-top: 0;\n    margin-bottom: 0;\n}\n\n.h5p_layout li {\n    margin-top: 0;\n    margin-bottom: 0;\n    list-style-type: none !important;\n}\n\n.h5p_layout ul, .h5p_layout ol {\n    list-style-type: none !important;\n}\n\n.h5p_layout td[data-sorting] p:before, .h5p_layout th[data-sorting] p:before {\n    content: ' ';\n    padding-right: 16px;\n    background: url(data:image\/png;base64,iVBORw0KGgoAAAANSUhEUgAAAAsAAAALAQMAAACTYuVlAAAAA3NCSVQICAjb4U\/gAAAABlBMVEUjLTD\/\/\/\/tm\/tRAAAACXBIWXMAAAsSAAALEgHS3X78AAAAFnRFWHRDcmVhdGlvbiBUaW1lADAyLzEwLzE2RFpLjQAAACB0RVh0U29mdHdhcmUATWFjcm9tZWRpYSBGaXJld29ya3MgTVi7kSokAAAAI0lEQVR4nGP4\/4Dh9wOGjw8YHjxgOJDA8B9MPgCLAMX\/PwAANZUStiyS6NsAAAAASUVORK5CYII=);\n    background-position: left center;\n    background-repeat: no-repeat;\n}\n\n.sortDecorator {\n    border-bottom: 3px solid #b70000 !important;\n}\n\n\/* This is a spacial class designed to remove unwanted bullets when a li has\nul as its first child*\/\n.h5p_layout .removeBullet:before {\n    content: none !important;\n}\n\n\/*responsive tables*\/\n.h5p_layout div.dxoResponsiveTable{\n    margin: 0 !important;\n    padding: 0 !important;\n    overflow-x: auto !important;\n\toverflow-y: hidden;\n}\n\n\/* chart tooltips *\/\n.c3-tooltip-container td.name {\n    white-space: nowrap;\n}\n\n\/* External services*\/\n.h5p_layout iframe {\n    resize: vertical;\n    border: 1px solid #fff;\n}\n\n.h5p_layout div.youtube {\n    position:relative;\n    padding-bottom:56.25%;\n    height:0;\n    overflow:hidden;\n    background-color: transparent;\n}\n\n.h5p_layout div.youtube iframe {\n    resize: none;\n    position:absolute;\n    top:0;\n    left:0;\n    width:100%;\n    height:100%;\n}\n\n\n div#h5p_69f1fe90c1a5a table.Tabelle1 {width: 17cm !important;width: 100% !important;font-size: 12pt;}\n div#h5p_69f1fe90c1a5a col.Tabelle1_A {width: 3.343cm !important;font-size: 12pt;}\n div#h5p_69f1fe90c1a5a col.Tabelle1_B {width: 13.658cm !important;font-size: 12pt;}\n div#h5p_69f1fe90c1a5a td.Tabelle1_A1 {padding: 0.097cm !important;border: none !important;font-size: 12pt;}\n div#h5p_69f1fe90c1a5a td.Tabelle1_B1 {padding: 0.097cm !important;border-left: 1px solid #000000 !important;border-right: none !important;border-top: none !important;border-bottom: none !important;font-size: 12pt;}\n div#h5p_69f1fe90c1a5a table.Tabelle2 {width: 17cm !important;width: 100% !important;font-size: 12pt;}\n div#h5p_69f1fe90c1a5a col.Tabelle2_A {width: 8.5cm !important;font-size: 12pt;}\n div#h5p_69f1fe90c1a5a col.Tabelle2_B {width: 8.5cm !important;font-size: 12pt;}\n div#h5p_69f1fe90c1a5a td.Tabelle2_A1 {padding: 0.097cm !important;border: none !important;font-size: 12pt;}\n div#h5p_69f1fe90c1a5a p.P1 {font-size: 12pt;}\n div#h5p_69f1fe90c1a5a p.P1 span {font-family: Monotype Corsiva;font-size: 14pt;font-weight: bold;}\n div#h5p_69f1fe90c1a5a p.P2 {line-height: 1.5 !important;font-size: 12pt;}\n div#h5p_69f1fe90c1a5a p.P2 span {font-family: Times New Roman;font-size: 11pt;font-weight: normal;}\n div#h5p_69f1fe90c1a5a p.P3 {text-align: left !important;font-size: 12pt;}\n div#h5p_69f1fe90c1a5a p.P3 span {font-family: Times New Roman;font-size: 12pt;font-style: italic;}\n div#h5p_69f1fe90c1a5a p.P4 {line-height: 1.5 !important;font-size: 12pt;}\n div#h5p_69f1fe90c1a5a p.P5 {font-size: 12pt;}\n div#h5p_69f1fe90c1a5a p.P5 span {font-size: 11pt;text-decoration: none;text-decoration-style: none;}\n div#h5p_69f1fe90c1a5a p.P6 {font-size: 12pt;}\n div#h5p_69f1fe90c1a5a p.P6 span {font-size: 11pt;}\n div#h5p_69f1fe90c1a5a p.P7 {line-height: 1.5 !important;font-size: 12pt;}\n div#h5p_69f1fe90c1a5a p.P7 span {font-size: 11pt;}\n div#h5p_69f1fe90c1a5a p.P8 {line-height: 1.5 !important;font-size: 12pt;}\n div#h5p_69f1fe90c1a5a p.P8 span {font-size: 11pt;language: en;country: GB;font-style: normal;}\n div#h5p_69f1fe90c1a5a p.P9 {line-height: 1.5 !important;text-align: left !important;font-size: 12pt;}\n div#h5p_69f1fe90c1a5a p.P9 span {font-size: 11pt;language: en;country: GB;font-style: normal;font-weight: normal;}\n div#h5p_69f1fe90c1a5a p.P10 {text-align: right !important;font-size: 12pt;}\n div#h5p_69f1fe90c1a5a p.P10 span {font-size: 11pt;font-style: italic;}\n div#h5p_69f1fe90c1a5a p.P11 {line-height: 1 !important;text-align: justify !important;font-size: 12pt;}\n div#h5p_69f1fe90c1a5a p.P11 span {font-family: Times New Roman;font-size: 11pt;}\n div#h5p_69f1fe90c1a5a p.P12 {line-height: 1 !important;text-align: left !important;font-size: 12pt;}\n div#h5p_69f1fe90c1a5a p.P12 span {font-family: Times New Roman;font-size: 11pt;text-decoration: none;text-decoration-style: none;}\n div#h5p_69f1fe90c1a5a p.P13 {line-height: 1 !important;text-align: justify !important;font-size: 12pt;}\n div#h5p_69f1fe90c1a5a p.P13 span {font-family: Times New Roman;font-size: 11pt;text-decoration: none;text-decoration-style: none;}\n div#h5p_69f1fe90c1a5a p.P14 {line-height: 1.5 !important;text-align: left !important;font-size: 12pt;}\n div#h5p_69f1fe90c1a5a p.P14 span {font-family: Times New Roman;font-size: 11pt;text-decoration: none;text-decoration-style: none;}\n div#h5p_69f1fe90c1a5a p.P15 {line-height: 1.5 !important;text-align: left !important;font-size: 12pt;}\n div#h5p_69f1fe90c1a5a p.P15 span {font-family: Times New Roman;font-size: 11pt;font-style: normal;font-weight: normal;}\n div#h5p_69f1fe90c1a5a p.P16 {line-height: 1.5 !important;text-align: left !important;font-size: 12pt;}\n div#h5p_69f1fe90c1a5a p.P16 span {font-family: Times New Roman;font-size: 11pt;font-style: normal;text-decoration: none;text-decoration-style: none;}\n div#h5p_69f1fe90c1a5a p.P17 {line-height: 1 !important;text-align: left !important;font-size: 12pt;}\n div#h5p_69f1fe90c1a5a p.P17 span {font-family: Times New Roman;font-size: 11pt;font-style: normal;text-decoration: none;text-decoration-style: none;}\n div#h5p_69f1fe90c1a5a p.P18 {line-height: 1.5 !important;text-align: left !important;font-size: 12pt;}\n div#h5p_69f1fe90c1a5a p.P18 span {font-family: Times New Roman;font-size: 12pt;font-style: normal;font-weight: normal;}\n div#h5p_69f1fe90c1a5a p.P19 {line-height: 1 !important;text-align: left !important;font-size: 12pt;}\n div#h5p_69f1fe90c1a5a p.P19 span {font-family: Times New Roman;font-size: 12pt;font-style: normal;font-weight: normal;}\n div#h5p_69f1fe90c1a5a p.P20 {line-height: 1.5 !important;text-align: left !important;font-size: 12pt;}\n div#h5p_69f1fe90c1a5a p.P20 span {font-size: 11pt;language: en;country: GB;font-style: normal;}\n div#h5p_69f1fe90c1a5a p.P21 {line-height: 1.5 !important;text-align: left !important;font-size: 12pt;}\n div#h5p_69f1fe90c1a5a p.P21 span {font-size: 11pt;language: en;country: GB;font-style: normal;font-weight: normal;}\n div#h5p_69f1fe90c1a5a p.P22 {line-height: 1 !important;text-align: left !important;font-size: 12pt;}\n div#h5p_69f1fe90c1a5a p.P22 span {font-size: 11pt;}\n div#h5p_69f1fe90c1a5a p.P23 {line-height: 1 !important;text-align: right !important;font-size: 12pt;}\n div#h5p_69f1fe90c1a5a p.P23 span {font-size: 11pt;font-style: italic;}\n div#h5p_69f1fe90c1a5a p.P24 {line-height: 1.5 !important;font-size: 12pt;}\n div#h5p_69f1fe90c1a5a p.P24 span {font-family: Times New Roman;font-size: 12pt;font-style: italic;}\n div#h5p_69f1fe90c1a5a span.T1 {font-family: Times New Roman !important;font-size: 12pt;}\n div#h5p_69f1fe90c1a5a span.T2 {font-family: Times New Roman !important;text-decoration: none !important;text-decoration-style: none !important;font-size: 12pt;}\n div#h5p_69f1fe90c1a5a span.T3 {font-style: normal !important;font-size: 12pt;}\n div#h5p_69f1fe90c1a5a p.Standard {font-size: 12pt;}\n div#h5p_69f1fe90c1a5a p.Heading {margin-top: 0.423cm !important;margin-bottom: 0.212cm !important;keep-with-next: always !important;font-size: 12pt;}\n div#h5p_69f1fe90c1a5a p.Heading span {font-family: Arial;font-size: 14pt;}\n div#h5p_69f1fe90c1a5a p.Text_20_body {margin-top: 0cm !important;margin-bottom: 0.212cm !important;font-size: 12pt;}\n div#h5p_69f1fe90c1a5a p.List {margin-top: 0cm !important;margin-bottom: 0.212cm !important;font-size: 12pt;}\n div#h5p_69f1fe90c1a5a p.List span {font-size: 12pt;}\n div#h5p_69f1fe90c1a5a p.Caption {margin-top: 0.212cm !important;margin-bottom: 0.212cm !important;font-size: 12pt;}\n div#h5p_69f1fe90c1a5a p.Caption span {font-size: 12pt;font-style: italic;}\n div#h5p_69f1fe90c1a5a p.Index {font-size: 12pt;}\n div#h5p_69f1fe90c1a5a p.Index span {font-size: 12pt;}\n div#h5p_69f1fe90c1a5a p.Table_20_Contents {font-size: 12pt;}\n div#h5p_69f1fe90c1a5a div {font-size: 12pt;}\n div#h5p_69f1fe90c1a5a p {hyphenation-ladder-count: no-limit;writing-mode: page;font-size: 12pt;}\n div#h5p_69f1fe90c1a5a p span {font-family: Times New Roman;font-size: 12pt;language: de;country: DE;hyphenate: false;hyphenation-remain-char-count: 2;hyphenation-push-char-count: 2;}\n div#h5p_69f1fe90c1a5a table {border-collapse: collapse;font-size: 12pt;}\n div#h5p_69f1fe90c1a5a table tr {keep-together: auto;font-size: 12pt;}\n\n<\/style>\n<div id=\"h5p_69f1fe90c1a5a\"><section id=\"section_0\" class=\"h5p_layout h5p_page h5p_page_Mpm1\"><div class=\"Mpm1\"><p class=\"Standard\">&nbsp;<\/p><div class=\"dxoResponsiveTable\"><table data-table-name=\"Tabelle1\" class=\"Tabelle1\"><col class=\" Tabelle1_A\" data-colwidth=\"3.343\" data-colwidthunits=\"cm\"\/><col class=\" Tabelle1_B\" data-colwidth=\"13.658\" data-colwidthunits=\"cm\"\/><tr><td data-type=\"string\" class=\"Tabelle1_A1\"><p class=\"P23\"><span>A. Berg<\/span><\/p><\/td><td data-type=\"string\" class=\"Tabelle1_B1\"><p class=\"P13\">&nbsp;&#x200b;&#x200b;&#x200b;&#x200b;&nbsp;<span>Die Sieben fr\u00fchen Lieder<\/span><\/p><p class=\"P11\">&nbsp;<\/p><\/td><\/tr><tr><td data-type=\"string\" class=\"Tabelle1_A1\"><p class=\"P23\"><span>J, Brahms<\/span><\/p><p class=\"P23\">&nbsp;<\/p><\/td><td data-type=\"string\" class=\"Tabelle1_B1\"><p class=\"P11\">&nbsp;&#x200b;&#x200b;&#x200b;&#x200b;&nbsp;<span>F\u00fcnf Ophelia \u2013 Lieder (Shakespeare)<\/span><\/p><\/td><\/tr><tr><td data-type=\"string\" class=\"Tabelle1_A1\"><p class=\"P23\"><span>F. Poulenc<\/span><\/p><\/td><td data-type=\"string\" class=\"Tabelle1_B1\"><p class=\"P12\">&nbsp;&#x200b;&#x200b;&#x200b;&#x200b;&nbsp;<span>Banalit\u00e9s<\/span><\/p><p class=\"P12\">&nbsp;<\/p><\/td><\/tr><tr><td data-type=\"string\" class=\"Tabelle1_A1\"><p class=\"P23\"><span>W. Rihm<\/span><\/p><p class=\"P23\">&nbsp;<\/p><\/td><td data-type=\"string\" class=\"Tabelle1_B1\"><p class=\"P12\">&nbsp;&#x200b;&#x200b;&#x200b;&#x200b;&nbsp;<span>Das Rot 1990<\/span><\/p><p class=\"P12\">&nbsp;<\/p><\/td><\/tr><tr><td data-type=\"string\" class=\"Tabelle1_A1\"><p class=\"P23\"><span>F. Schubert<\/span><\/p><\/td><td data-type=\"string\" class=\"Tabelle1_B1\"><p class=\"P12\">&nbsp;&#x200b;&#x200b;&#x200b;&#x200b;&nbsp;<span>Vier Ges\u00e4nge aus \u201eWilhelm Meister\u201c (Goethe) Op. 62 <\/span><\/p><p class=\"P12\">&nbsp;<\/p><\/td><\/tr><tr><td data-type=\"string\" class=\"Tabelle1_A1\"><p class=\"P23\"><span>R. Schumann<\/span><\/p><\/td><td data-type=\"string\" class=\"Tabelle1_B1\"><p class=\"P14\">&nbsp;&#x200b;&#x200b;&#x200b;&#x200b;&nbsp;<span class=\"T3\">Myrthen Op.25<\/span><\/p><p class=\"P16\">&nbsp;<\/p><p class=\"P16\">&nbsp;&#x200b;&#x200b;&#x200b;&#x200b;&nbsp;<span>Sechs Ges\u00e4nge Op. 89<\/span><\/p><p class=\"P16\">&nbsp;<\/p><p class=\"P16\">&nbsp;&#x200b;&#x200b;&#x200b;&#x200b;&nbsp;<span>Lieder und Ges\u00e4nge aus \u201eWilhelm Meister\u201c 98a<\/span><\/p><p class=\"P16\">&nbsp;<\/p><p class=\"P16\">&nbsp;&#x200b;&#x200b;&#x200b;&#x200b;&nbsp;<span>7 Lieder Op. 104<\/span><\/p><p class=\"P16\">&nbsp;<\/p><p class=\"P16\">&nbsp;&#x200b;&#x200b;&#x200b;&#x200b;&nbsp;<span>Sechs Ges\u00e4nge Op. 107<\/span><\/p><p class=\"P17\">&nbsp;<\/p><\/td><\/tr><tr><td data-type=\"string\" class=\"Tabelle1_A1\"><p class=\"P23\"><span>D. Schostakowitsch<\/span><\/p><\/td><td data-type=\"string\" class=\"Tabelle1_B1\"><p class=\"P22\"><span class=\"T2\">&nbsp;&#x200b;&#x200b;&#x200b;&#x200b;&nbsp;<\/span><span>\u201eAus jiddischer Volkspoesie\u201c op. 79 <\/span><\/p><p class=\"P22\">&nbsp;<\/p><\/td><\/tr><tr><td data-type=\"string\" class=\"Tabelle1_A1\"><p class=\"P10\"><span>R. Strauss<\/span><\/p><\/td><td data-type=\"string\" class=\"Tabelle1_B1\"><p class=\"P5\"><span class=\"T1\">&nbsp;&#x200b;&#x200b;&#x200b;&#x200b;&nbsp;4 letzte Lieder, <\/span><span id=\"firstHeading11\"\/><span class=\"T1\">TrV 296<\/span><\/p><p class=\"P6\">&nbsp;<\/p><\/td><\/tr><tr><td data-type=\"string\" class=\"Tabelle1_A1\"><p class=\"P10\"><span>H. Wolf<\/span><\/p><\/td><td data-type=\"string\" class=\"Tabelle1_B1\"><p class=\"P5\">&nbsp;&#x200b;&#x200b;&#x200b;&#x200b;&nbsp;<span>Italienisches Liederbuch <\/span><\/p><p class=\"P5\">&nbsp;&#x200b;&#x200b;&#x200b;&#x200b;&nbsp;<span>(Ausz\u00fcge)<\/span><\/p><\/td><\/tr><\/table><\/div><p class=\"Standard\">&nbsp;<\/p><p class=\"Standard\">&nbsp;<\/p><p class=\"Standard\">&nbsp;<\/p><p class=\"P1\"><span>Ausgew\u00e4hlte Lieder von<\/span><\/p><p class=\"Standard\">&nbsp;<\/p><div class=\"dxoResponsiveTable\"><table data-table-name=\"Tabelle2\" class=\"Tabelle2\"><col class=\" Tabelle2_A\" data-colwidth=\"8.5\" data-colwidthunits=\"cm\"\/><col class=\" Tabelle2_B\" data-colwidth=\"8.5\" data-colwidthunits=\"cm\"\/><tr><td data-type=\"string\" class=\"Tabelle2_A1\"><p class=\"P2\"><span>Felix Mendelssohn Bartholdy<\/span><\/p><p class=\"P2\"><span>Johannes Brahms<\/span><\/p><p class=\"P2\"><span>Benjamin Britten<\/span><\/p><p class=\"P2\"><span>Rebecca Clarke<\/span><\/p><p class=\"P2\"><span>Hanns Eisler<\/span><\/p><p class=\"P15\"><span>Gabriel Faur\u00e8<\/span><\/p><p class=\"P15\"><span>Charles Ives<\/span><\/p><p class=\"P7\"><span>V\u00edt\u0115zslava Kapr\u00e1lov\u00e1<\/span><\/p><p class=\"P7\"><span>Franz Liszt<\/span><\/p><p class=\"P7\"><span>Carl Loewe<\/span><\/p><p class=\"P7\"><span>Gustav Mahler<\/span><\/p><p class=\"P7\"><span>Nicolai Medtner<\/span><\/p><p class=\"P7\"><span>W.A. Mozart<\/span><\/p><p class=\"P7\"><span>Francis Poulenc<\/span><\/p><\/td><td data-type=\"string\" class=\"Tabelle2_A1\"><p class=\"P8\"><span>Andr\u00e9 Previn<\/span><\/p><p class=\"P20\"><span>Henry Purcell<\/span><\/p><p class=\"P9\"><span>Max Reger<\/span><\/p><p class=\"P9\"><span>Aribert Reimann<\/span><\/p><p class=\"P9\"><span>Arnold Sch\u00f6nberg<\/span><\/p><p class=\"P21\"><span>Franz Schubert<\/span><\/p><p class=\"P21\"><span>Clara Schumann<\/span><\/p><p class=\"P21\"><span>Robert Schumann<\/span><\/p><p class=\"P9\"><span>Richard Strauss<\/span><\/p><p class=\"P9\"><span>Pjotr Tschaikowski<\/span><\/p><p class=\"P9\"><span>Richard Wagner<\/span><\/p><p class=\"P21\"><span>Kurt Weill<\/span><\/p><p class=\"P21\"><span>Hugo Wolf<\/span><\/p><p class=\"P9\"><span>Alexander Zemlinsky<\/span><\/p><\/td><\/tr><\/table><\/div><p class=\"P4\">&nbsp;<\/p><p class=\"P24\">&nbsp;<\/p><p class=\"P19\">&nbsp;<\/p><p class=\"P18\">&nbsp;<\/p><p class=\"Standard\">&nbsp;<\/p><p class=\"Standard\">&nbsp;<\/p><\/div><\/section><script>(function( $ ) {\n    \/\/footnotes\n    $('.defaultNote').children(\":first\").css('cursor', 'pointer');\n    $('.defaultNote').children(\":first\").click(function(){\n        var gotoID = '#' + $(this).parent().attr('id');\n        $('html, body').animate(\n            {\n              scrollTop: $('a[href=\"' + gotoID + '\"]').offset().top - 60,\n            },\n            250,\n            'linear'\n          )\n    });\n}(jQuery));\n\n\n<\/script><script>\nvar numFormat = \".,\";\n(function( $ ) {\n    \"use strict\";\n    \/\/do some cleaning on load\n    var sortCells = $('td[data-sorting], th[data-sorting]');\n    sortCells.each(function(){\n        var first = $(this).text().trim().charAt(0);\n        if (first == '@'){\n            var oldHTML = $(this).html();\n            var newHTML = oldHTML.replace('@', '');\n            $(this).html(newHTML);\n        } \n    });\n    function sortingTable(node, pos, ordBy){\n        var rows = node.children('tbody').children('tr').get();\n\n        rows.sort(function(a, b) {\n\n        var X = $(a).children('td').eq(pos).text().toUpperCase();\n        var Y = $(b).children('td').eq(pos).text().toUpperCase();\n        \n        if (numFormat != '.,'){\n            \/\/we are dealing with a different locale and we need to do some \n            \/\/transformation in numbers\n            X = convert2number(X);\n            Y = convert2number(Y);\n        } else {\n            X = X.replace(\/,\/g, '').replace(\/ \/g, '');\n            Y = Y.replace(\/,\/g, '').replace(\/ \/g, '');\n        }\n        var currencies = ['$', '\u00a5', '\u00a3', '\u20ac'];\n        var arrayLength = currencies.length;\n        var XX = X;\n        var YY = Y;\n        for (var i = 0; i < arrayLength; i++) {\n            XX = XX.replace(currencies[i], '');\n            YY = YY.replace(currencies[i], '');\n        }\n        if (!isNaN(XX) && !isNaN(YY)){\n            var floatXX = parseFloat(XX);\n            var floatYY = parseFloat(YY);\n            return -(floatYY-floatXX) * ordBy;\n        } else if (!isNaN(XX) && isNaN(YY)){\n            return -1 * ordBy;\n        } else if (isNaN(XX) && !isNaN(YY)){\n            return ordBy;\n        } else {\n            if(X < Y) {\n                return -1 * ordBy;\n            }\n            if(X > Y) {\n                return 1 * ordBy;\n            }\n            return 0;\n        }\n      });\n\n      $.each(rows, function(index, row) {\n        node.children('tbody').append(row);\n      });\n    }\n    \n    function removeTableCellDecoration() {\n        $(\"td[data-sorting], th[data-sorting]\").removeClass('sortDecorator');    \n    }\n    \n    \/\/unbind the click event just in case we are loading more than one document\n    $(\"td[data-sorting], th[data-sorting]\").off('click');\n    $(\"td[data-sorting], th[data-sorting]\").click(function(){\n        removeTableCellDecoration();\n        $(this).addClass('sortDecorator');\n        \/\/get desired ordering\n        var ordering = $(this).attr('data-sortOrdering');\n        if (ordering == 'ASC'){\n            var ordBy = -1;\n            $(this).attr('data-sortOrdering', 'DESC');\n        } else {\n            var ordBy = 1;\n            $(this).attr('data-sortOrdering', 'ASC');\n        }\n        var cellPosition = $(this).prevAll().length;\n        var table = $(this).parents('table:first');\n        sortingTable(table, cellPosition, ordBy);\n    });  \n    \n    function convert2number(str) {\n        str = str.trim();\n        if (str.match(\/^\\d+\/)) {\n            \/\/we have to take special care when the thousand separators are '.'\n            var result_0 = str.replace(\/\\.\/g, '_@_');\n            var result_1 = result_0.replace(window.numFormat[0], '.');\n            var result = result_1.replace(\/_@_\/g, '');\n            result .replace(\/ \/g, '');\n            return result;\n        } else {\n            return str;\n        }\n        \n    }\n    \n}(jQuery));\n\n\n<\/script><\/div><\/div>\n<\/div>\n\n\n\n<div class=\"wp-block-column is-layout-flow wp-block-column-is-layout-flow\" style=\"flex-basis:33.33%\">\n<figure class=\"wp-block-image size-large\"><img loading=\"lazy\" decoding=\"async\" width=\"731\" height=\"1024\" src=\"https:\/\/julia-danz.com\/wp-content\/uploads\/2022\/05\/GNZ_9292-731x1024.jpg\" alt=\"\" class=\"wp-image-875\" srcset=\"https:\/\/julia-danz.com\/wp-content\/uploads\/2022\/05\/GNZ_9292-731x1024.jpg 731w, https:\/\/julia-danz.com\/wp-content\/uploads\/2022\/05\/GNZ_9292-214x300.jpg 214w, https:\/\/julia-danz.com\/wp-content\/uploads\/2022\/05\/GNZ_9292-768x1075.jpg 768w, https:\/\/julia-danz.com\/wp-content\/uploads\/2022\/05\/GNZ_9292-1097x1536.jpg 1097w, https:\/\/julia-danz.com\/wp-content\/uploads\/2022\/05\/GNZ_9292-1463x2048.jpg 1463w, https:\/\/julia-danz.com\/wp-content\/uploads\/2022\/05\/GNZ_9292-920x1288.jpg 920w, https:\/\/julia-danz.com\/wp-content\/uploads\/2022\/05\/GNZ_9292-230x322.jpg 230w, https:\/\/julia-danz.com\/wp-content\/uploads\/2022\/05\/GNZ_9292-350x490.jpg 350w, https:\/\/julia-danz.com\/wp-content\/uploads\/2022\/05\/GNZ_9292-480x672.jpg 480w, https:\/\/julia-danz.com\/wp-content\/uploads\/2022\/05\/GNZ_9292-scaled.jpg 1828w\" sizes=\"auto, (max-width: 731px) 100vw, 731px\" \/><\/figure>\n\n\n\n<figure class=\"wp-block-image size-large\"><img loading=\"lazy\" decoding=\"async\" width=\"1829\" height=\"2560\" src=\"https:\/\/julia-danz.com\/wp-content\/uploads\/2022\/05\/GNZ_9246-A-scaled.jpg\" alt=\"\" class=\"wp-image-874\" srcset=\"https:\/\/julia-danz.com\/wp-content\/uploads\/2022\/05\/GNZ_9246-A-scaled.jpg 1829w, https:\/\/julia-danz.com\/wp-content\/uploads\/2022\/05\/GNZ_9246-A-214x300.jpg 214w, https:\/\/julia-danz.com\/wp-content\/uploads\/2022\/05\/GNZ_9246-A-731x1024.jpg 731w, https:\/\/julia-danz.com\/wp-content\/uploads\/2022\/05\/GNZ_9246-A-768x1075.jpg 768w, https:\/\/julia-danz.com\/wp-content\/uploads\/2022\/05\/GNZ_9246-A-1097x1536.jpg 1097w, https:\/\/julia-danz.com\/wp-content\/uploads\/2022\/05\/GNZ_9246-A-1463x2048.jpg 1463w, https:\/\/julia-danz.com\/wp-content\/uploads\/2022\/05\/GNZ_9246-A-920x1288.jpg 920w, https:\/\/julia-danz.com\/wp-content\/uploads\/2022\/05\/GNZ_9246-A-230x322.jpg 230w, https:\/\/julia-danz.com\/wp-content\/uploads\/2022\/05\/GNZ_9246-A-350x490.jpg 350w, https:\/\/julia-danz.com\/wp-content\/uploads\/2022\/05\/GNZ_9246-A-480x672.jpg 480w\" sizes=\"auto, (max-width: 1829px) 100vw, 1829px\" \/><\/figure>\n<\/div>\n<\/div>\n","protected":false},"excerpt":{"rendered":"","protected":false},"author":1,"featured_media":0,"parent":0,"menu_order":0,"comment_status":"closed","ping_status":"closed","template":"page-templates\/page_fullwidth.php","meta":{"footnotes":""},"class_list":["post-113","page","type-page","status-publish","hentry"],"_links":{"self":[{"href":"https:\/\/julia-danz.com\/index.php?rest_route=\/wp\/v2\/pages\/113","targetHints":{"allow":["GET"]}}],"collection":[{"href":"https:\/\/julia-danz.com\/index.php?rest_route=\/wp\/v2\/pages"}],"about":[{"href":"https:\/\/julia-danz.com\/index.php?rest_route=\/wp\/v2\/types\/page"}],"author":[{"embeddable":true,"href":"https:\/\/julia-danz.com\/index.php?rest_route=\/wp\/v2\/users\/1"}],"replies":[{"embeddable":true,"href":"https:\/\/julia-danz.com\/index.php?rest_route=%2Fwp%2Fv2%2Fcomments&post=113"}],"version-history":[{"count":10,"href":"https:\/\/julia-danz.com\/index.php?rest_route=\/wp\/v2\/pages\/113\/revisions"}],"predecessor-version":[{"id":1010,"href":"https:\/\/julia-danz.com\/index.php?rest_route=\/wp\/v2\/pages\/113\/revisions\/1010"}],"wp:attachment":[{"href":"https:\/\/julia-danz.com\/index.php?rest_route=%2Fwp%2Fv2%2Fmedia&parent=113"}],"curies":[{"name":"wp","href":"https:\/\/api.w.org\/{rel}","templated":true}]}}